-d**3 - 3*d - 15. Let p be o(-5). What is the highest common divisor of 25 and p?
25
Suppose -4*a - p = -8, 4*p + 1 = -3*a - 6. Suppose 0 = -2*w - 2*m + 18, 5*w - w + a*m = 31. Calculate the greatest common divisor of w and 6.
2
Suppose -7 = 3*u - 4. Let t(d) = -36*d. Let n be t(u). Suppose 2*k + 13 = 5, 0 = -2*o - k + n. What is the greatest common divisor of o and 60?
20
Let g = 197 + -94. Let q(s) = -41*s + 11. Let f be q(-6). Let w = f - g. What is the highest common divisor of 14 and w?
14
Suppose 9 - 1 = 4*a. Suppose -v - a*v = -3. Let g = -1101 + 1102. What is the greatest common divisor of g and v?
1
Let o(c) = 31*c**2 + c - 28*c**2 - 25*c + 4*c + 55. Let q be o(10). Calculate the greatest common divisor of 31 and q.
31
Let s be 5719/(-43)*(-4)/14. Suppose -4*l = 90 - 470. What is the highest common divisor of s and l?
19
Let h be ((-40)/(-16) - 4) + (-57)/(-2). What is the greatest common factor of 81 and h?
27
Let s be 357/(-14)*2/(-3). Suppose 5*n - 3 = s. What is the greatest common factor of n and 6?
2
Let k be (3 + -1)*6/4*-1. Let a be (-10)/5 + 30 + k. What is the highest common factor of a and 5?
5
Let d(m) = -4*m - 4. Let h be d(5). Let s be (8/h)/(1/(-12)). Suppose 3*v = -s*a + 81, 5*v - a = -3*a + 135. Calculate the highest common factor of 3 and v.
3
Let l = -9 - -13. Suppose -d = -2*d + 3. Suppose d*a = a + 4. Calculate the highest common factor of a and l.
2
Let y be 8/(-6)*(-52 - -10). Suppose -3*n - 347 = -y. Let w = n - -182. What is the greatest common divisor of w and 34?
17
Let w be 15/18 + (-4)/(-24). Let c(o) = o**2 + 25*o - 221. Let p be c(-32). Calculate the highest common factor of p and w.
1
Let p(q) = -2*q**2 + 13*q + 6. Let t be p(-11). Let z = t + 549. Calculate the greatest common divisor of 68 and z.
34
Let x = 2648 - 2576. Calculate the greatest common factor of 270 and x.
18
Let r be 12/7 + 16/56. Let q be ((-10)/(-8) - r)*-52. What is the greatest common divisor of 117 and q?
39
Suppose -p - 2 = -5. Suppose x = 8 - p. Suppose -i = -x*i + 16. Calculate the greatest common factor of 40 and i.
4
Let q = 1464 - 512. What is the greatest common factor of 17 and q?
17
Suppose -27*l + 1697 = 1265. Suppose -10 = -5*n, 3*n - 424 + 34 = -2*a. Calculate the highest common factor of l and a.
16
Suppose 12*t - 1456 = -2*t. Suppose -4*d = -0*d - t. Calculate the highest common divisor of 26 and d.
26
Suppose 0 = 3*t + 11 + 4, -o - t + 107 = 0. Calculate the greatest common divisor of 14 and o.
14
Suppose 8*g - 463 = 529. Let v be (16/(-6))/(2/(-3)). Suppose v*s + 0*s - g = 0. Calculate the highest common factor of 155 and s.
31
Let b(u) = -u**2 - 17*u - 9. Let w = -50 - -13. Let c = w + 22. Let o be b(c). What is the greatest common factor of 84 and o?
21
Suppose -30 = 5*u - 0*u. Let h be ((-5)/15)/(2/u). Let f be 4/12*24*h. What is the greatest common divisor of f and 72?
8
Let j(n) = n**2 - 16*n + 13. Let x be j(15). Let t be x/3*(-3375)/18. Calculate the greatest common factor of 50 and t.
25
Let g(c) = c**3 - 8*c**2 - 7*c - 10. Let a be g(9). Suppose 3*u - u = a. Let v be 0 + u/(-1 - -3). Calculate the greatest common divisor of v and 1.
1
Let t = -214 + 228. Calculate the highest common divisor of 434 and t.
14
Suppose -y - 3*v = -75, 0 = -11*y + 12*y - v - 67. Suppose 0*z = -2*z - 66. Let c = 56 + z. What is the highest common factor of y and c?
23
Suppose 0 = -2*n + 13*n - 385. What is the highest common factor of n and 175?
35
Let z = 177 - 82. Let w be (-5)/(-3)*342/z. Calculate the greatest common divisor of w and 66.
6
Suppose 0 = 4*z + 35 - 299. Calculate the highest common factor of 1452 and z.
66
Let q = 41 - 23. Suppose -4*b + 17 = -31. Calculate the highest common divisor of b and q.
6
Suppose -5*w + 0*w + 5*j = 55, 0 = -j - 4. Let z(f) = -f - 11. Let o be z(w). What is the highest common factor of o and 8?
4
Suppose -2*z = 3*z + 260. Let d = -31 - z. What is the greatest common divisor of d and 84?
21
Let g be 4 + -3*(-8)/12. Suppose g*y = -38 - 118. Let k = 7 - y. What is the highest common factor of 231 and k?
33
Let r be (-14 + 8)*2/(-4). Suppose -2*y + 140 = 4*k, -2*k - r*k - 10 = 0. Let x = y + -34. What is the highest common divisor of 10 and x?
10
Let s = -4 - -4. Suppose 0 = x - 5*k + 7, -2*x + k + 4 = -s*k. Let d be ((-12)/15)/(x/(-45)). Calculate the greatest common factor of 84 and d.
12
Suppose 42 - 8 = 2*t. Suppose 0*p + 4*p + 4 = 0. Let z be (2 + p)/2*68. Calculate the highest common divisor of t and z.
17
Let k be 462/8 + 3/12. Suppose 0 = 7*d - 210 + 7. Calculate the highest common factor of k and d.
29
Suppose -5*i + 15 = -2*h - 2*h, 2*h = 0. Let w be 2*i + (-1 - 1). Suppose 11*m - 320 = -29*m. What is the highest common divisor of m and w?
4
Let w be (-8)/44 + 1*2745/33. Suppose -2*s + 145 = -3*y, 2*s - w = -4*y + 97. Calculate the highest common divisor of s and 32.
16
Suppose 2*n + 3 = -7. Let h(a) = 7 - 2 - 11*a + 0 - 7*a + 11*a. Let f be h(n). Calculate the greatest common factor of f and 16.
8
Suppose 3*y - 9 = -0. Suppose w - 13 = 40. Suppose -g = 3*x - w, 4*x - 192 = -y*g - 28. Calculate the greatest common divisor of 8 and g.
8
Let b be (1 + 56/6)/(21/4473). Suppose -12*z - b = -7577. Calculate the greatest common factor of 64 and z.
64
Let c = -109 + 73. Let h = c - -100. Suppose -2*a = 2*a - h. Calculate the highest common factor of 16 and a.
16
Suppose 97 = 4*r + 4*l - 39, 0 = r + 4*l - 31. Let o = r - 20. What is the greatest common divisor of o and 6?
3
Suppose -5 = -3*a + 7. Suppose 7 = -a*g + 35. Let q = 4 - -3. What is the greatest common divisor of q and g?
7
Suppose 4*j - 2*m - 28 = 2*j, -4*m = 4*j - 80. Calculate the highest common factor of 289 and j.
17
Suppose b + 0 = 22. Let y be (4 - b)/(-2 - -1)*1. Calculate the highest common divisor of y and 27.
9
Suppose 0 = u - c - 2, -5*u = 3*c + 18 - 44. What is the highest common factor of u and 9?
1
Suppose -5*n = -4*l + 3878, -7*n = -l - 10*n + 978. What is the highest common factor of l and 24?
12
Suppose -4*s - 3*j + 3 = -0, 4*s - 1 = -j. Suppose s = -5*a + 4*a + 4, 0 = 5*u - 2*a - 42. Calculate the greatest common factor of 2 and u.
2
Let a = -58 - -59. Calculate the greatest common factor of a and 11.
1
Suppose 4*h + 15 = -h. Let z be (-2 - -3)/(h/(-75)). Let t be (5/(-3))/(7/(-42)). Calculate the highest common factor of z and t.
5
Let i be (-12)/(-4) + 26 + 1. Suppose 0 = -4*y + h + 15 + i, -2*h = -6. Calculate the greatest common factor of 108 and y.
12
Let d(l) = -l**3 + 6*l**2 + 9*l - 13. Let x be d(7). What is the highest common factor of x and 5?
1
Let u = 438 - 263. Suppose 2*v - 3*v = -u. Calculate the highest common divisor of v and 35.
35
Let t = -67 + 89. Calculate the greatest common factor of t and 242.
22
Let z = -868 - -877. What is the greatest common divisor of 288 and z?
9
Let n(c) = 2*c**3 - 3*c**2 + 3*c - 18. Let j be n(3). What is the highest common divisor of j and 36?
18
Let r be 21/((-21)/(-16))*23. Calculate the highest common factor of r and 46.
46
Let s(c) = 4*c**2 - 6*c - 9. Let l = -2 + -4. Let h be s(l). Suppose -4*x - 6 + 62 = -4*m, x = -3*m + 34. What is the highest common divisor of h and x?
19
Suppose 3*d = 12 - 3. Let u = -35 + 42. Let q(o) = 6*o - 9. Let j be q(u). What is the highest common factor of d and j?
3
Suppose v - 5*v + 16 = 0. Suppose 7*g = v*t + 2*g - 90, 102 = 5*t - g. Calculate the greatest common divisor of 80 and t.
20
Let g(n) = n**3 + 13*n**2 + 16*n + 13. Let i be g(-12). Let t = -25 - i. What is the highest common factor of 25 and t?
5
Let m(l) = -l**2 + 4*l - 3. Let a be m(4). Let z be (1 - 3)*2*a. Let o be 20/6*(-792)/(-20). Calculate the highest common factor of o and z.
12
Suppose -2*b = -6 - 6. Suppose 36 = 10*l - b*l. Let i = 84 - l. Calculate the highest common divisor of i and 15.
15
Let k be ((-8)/(-2))/(12/(-510)*-5). Let w = -28 + k. Calculate the highest common factor of w and 42.
6
Let o(p) be the second derivative of p**4/12 - 2*p**3/3 + 9*p**2/2 - p. Let r be o(6). Let v = r + 11. Calculate the highest common divisor of v and 4.
4
Suppose -3*g - 3*g = 0. Suppose 0 = -g*j - 3*j + 90. What is the highest common divisor of 6 and j?
6
Let r(b) = b**2 - 17*b - 110. Let v be r(23). Let z(c) = -13*c**3 + c**2 - c - 1. Let m be z(-1). Calculate